base 13, what is 1 - 1749?
-1748
In base 5, what is 200 + -14?
131
In base 15, what is -3 + 1e7?
1e4
In base 5, what is -1033 - -2?
-1031
In base 5, what is 1212 - 3?
1204
In base 13, what is -228 + -2?
-22a
In base 11, what is 2757 - -5?
2761
In base 10, what is 31 - -3?
34
In base 9, what is -200 + 61?
-128
In base 5, what is 4 - -3432?
3441
In base 13, what is -13 + 4?
-c
In base 4, what is -13113 + 20?
-13033
In base 12, what is 42 + 101?
143
In base 11, what is -3281 + 1?
-3280
In base 11, what is -21 - 7?
-28
In base 14, what is -1389 + 2?
-1387
In base 6, what is 0 - -53?
53
In base 15, what is 1 - -5?
6
In base 10, what is 1 - -26?
27
In base 11, what is -9 + a16?
a08
In base 10, what is -202 + -24?
-226
In base 16, what is -8b5 + 2?
-8b3
In base 15, what is -2a + 12?
-18
In base 13, what is -429 + -1?
-42a
In base 7, what is 1343 - 3?
1340
In base 8, what is -124 + 5?
-117
In base 16, what is 39 + 2?
3b
In base 15, what is 4 - -18?
1c
In base 16, what is -140 + 3?
-13d
In base 8, what is 1253 + 2?
1255
In base 16, what is -26a + 2?
-268
In base 13, what is -4 + -24?
-28
In base 5, what is -420 + -21?
-441
In base 11, what is -94 + -4?
-98
In base 12, what is 4 + 9?
11
In base 16, what is -2d - 7?
-34
In base 11, what is -5 + -48?
-52
In base 8, what is 556 + -4?
552
In base 13, what is -4 + -57b?
-582
In base 13, what is 0 + 143?
143
In base 6, what is 41 + 2?
43
In base 4, what is -31002 - 13?
-31021
In base 15, what is -1 - 903?
-904
In base 11, what is -24 + 36?
12
In base 8, what is 2730 - -4?
2734
In base 4, what is -11 - 3?
-20
In base 13, what is -4bc2 + 5?
-4bba
In base 4, what is 22 - -222?
310
In base 11, what is 2 - -39?
40
In base 3, what is -10001 - -220?
-2011
In base 9, what is -38 - 28?
-67
In base 7, what is -263 - -4?
-256
In base 14, what is -2b3 + 2?
-2b1
In base 9, what is 6224 - -4?
6228
In base 6, what is 0 - 132?
-132
In base 14, what is 0 + -4c6?
-4c6
In base 3, what is -10010 - -12?
-2221
In base 10, what is 39 - -11?
50
In base 9, what is 21 - 16?
4
In base 11, what is 421 - 10?
411
In base 16, what is d6 + 7?
dd
In base 9, what is 4 - -7874?
7878
In base 7, what is -5 - 1021?
-1026
In base 8, what is -4 + -234?
-240
In base 16, what is -41 - c?
-4d
In base 2, what is -101 + -1110100?
-1111001
In base 3, what is 11 - -1222?
2010
In base 2, what is -101110 + 1110?
-100000
In base 12, what is 6 - -a8?
b2
In base 6, what is -23 - -4141?
4114
In base 6, what is 1 + -2324?
-2323
In base 10, what is -1346 + -2?
-1348
In base 15, what is 777 - 3?
774
In base 15, what is 1 - db2?
-db1
In base 8, what is -107 + 102?
-5
In base 8, what is -45 - -254?
207
In base 15, what is 100d + 5?
1013
In base 13, what is 1 + 14c?
150
In base 3, what is -221022111 + -12?
-221022200
In base 6, what is -1 - -3410?
3405
In base 6, what is -4 + -332?
-340
In base 13, what is -2 + 399?
397
In base 14, what is -8 + 17?
d
In base 5, what is -1 + -2223?
-2224
In base 15, what is 4 + -255?
-251
In base 16, what is 5 + -283?
-27e
In base 15, what is 0 - -277?
277
In base 2, what is -10000 - -1010100?
1000100
In base 6, what is 1420 - 155?
1221
In base 9, what is 2 - -10?
12
In base 16, what is -4 - -72?
6e
In base 11, what is 2 - 39?
-37
In base 16, what is 0 + -ac?
-ac
In base 10, what is -487 - 9?
-496
In base 16, what is 2 + -5?
-3
In base 8, what is 5 - -70?
75
In base 6, what is 0 + -23?
-23
In base 12, what is 5 - -64?
69
In base 13, what is 21b + -3?
218
In base 8, what is -177 - -4?
-173
In base 15, what is 328 + -c?
31b
In base 14, what is -1 + b1?
b0
In base 10, what is -572 + -12?
-584
In base 14, what is 65 + 0?
65
In base 2, what is 101 - 1011000011000?
-1011000010011
In base 3, what is 120 + -11?
102
In base 9, what is 135 - 2?
133
In base 6, what is -304 - 2?
-310
In base 3, what is -102110 + 12?
-102021
In base 5, what is -44122 + 3?
-44114
In base 2, what is 111111 + -10001?
101110
In base 6, what is 3 - 334?
-331
In base 14, what is -1 - -a?
9
In base 4, what is -33 + -301?
-1000
In base 12, what is -184 - 3?
-187
In base 12, what is 13ab - 0?
13ab
In base 5, what is -22 - -41?
14
In base 9, what is 0 + 26?
26
In base 14, what is ab6 - 0?
ab6
In base 10, what is -523 + 2?
-521
In base 6, what is 1014 - 35?
535
In base 7, what is -433 + 1?
-432
In base 14, what is -4 - -9cb?
9c7
In base 9, what is 768 - -7?
776
In base 7, what is 11 + 124?
135
In base 3, what is 200220 + -1?
200212
In base 15, what is 4a + 7?
52
In base 4, what is 113 - -322?
1101
In base 12, what is 4 - -93?
97
In base 5, what is 22 + -44?
-22
In base 4, what is -2130 - -10?
-2120
In base 8, what is -220 + 277?
57
In base 9, what is -30 - -2?
-27
In base 9, what is 7 + -20?
-12
In base 7, what is 30 - -1?
31
In base 10, what is 439 + 4?
443
In base 14, what is -4 + a83?
a7d
In base 2, what is 100100010 - -10?
100100100
In base 15, what is -383 - 1?
-384
In base 2, what is 101 + -1100111110?
-1100111001
In base 8, what is -1135 - 1?
-1136
In base 13, what is 5 + 161?
166
In base 3, what is -20 - -22?
2
In base 16, what is -2 + ab?
a9
In base 9, what is -3 - 5?
-8
In base 7, what is 5 - -13?
21
In base 5, what is 3 + 320?
323
In base 10, what is 525 - 5?
520
In base 5, what is 1 - -24414?
24420
In base 14, what is 0 - -650?
650
In base 13, what is -aa9 - 5?
-ab1
In base 16, what is -3 + 39?
36
In base 2, what is -100 - -1001010100?
1001010000
In base 10, what is -5830 + 0?
-5830
In base 3, what is 12200 + -11?
12112
In base 4, what is -1000 - 0?
-1000
In base 8, what is 252 + 0?
252
In base 16, what is -1 - f?
-10
In base 10, what is 1 + -341?
-340
In base 5, what is -3414 - 121?
-4040
In base 5, what is -11413 + -4?
-11422
In base 15, what is 1 + -1d?
-1c
In base 5, what is -3 + -1203?
-1211
In base 4, what is -13 - -11?
-2
In base 10, what is -5 - -47?
42
In base 4, what is 21301 + -131?
21110
In base 13, what is 1 + 1?
2
In base 3, what is 110021 + -201?
102120
In base 15, what is 0 - 178?
-178
In base 14, what is 125 - 2?
123
In base 4, what is 0 + -3120?
-3120
In base 8, what is -407 - -1?
-406
In base 7, what is 1 - 16015?
-16014
In base 15, what is 1547 + -3?
1544
In base 2, what is 10001011 + -11?
10001000
In base 9, what is -50 + 1?
-48
In base 16, what is -4f - 5?
-54
In base 16, what is 2 + 1033?
1035
In base 2, what is 100111111 + -10?
100111101
In base 10, what is 10 + 65?
75
In base 2, what is -100011 - 1010?
-101101
In base 3, what is 10 - -10101202?
10101212
In base 11, what is -46 - -17?
-2a
In base 16, what is 198 + 4?
19c
In base 8, what is -1661 + -1?
-1662
In base 8, what is 1332 + -3?
1327
In base 15, what is -3 + -18?
-1b
In base 5, what is 22 + 1202?
1224
In base 12, what is -149 + 12?
-137
In base 4, what is 3 - 110?
-101
In base 9, what is 177 + -2?
175
In base 9, what is 6 - -12?
18
In base 12, what is 2 - 5a?
-58
In base 4, what is -322 - 20?
-1002
In base 7, what is -425 + 4?
-421
In base 15, what is 13b - -5?
141
In base 13, what is -33 - 1?
-34
In base 12, what is 6 - -99?
a3
In base 16, what is -410 - 0?
-410
In base 8, what is 140 + 106?
246
In base 4, what is -10 + 2031?
2021
In base 16, what is 2 + 1c9?
1cb
In base 10, what is 887 + -9?
878
In base 8, what is 7 + 24?
33
In base 12, what is 0 + -81?
-81
In base 7, what is -2 + -123?
-125
In base 2, what is -110100 + -111?
-111011
In base 8, what is 224 - 1?
223
In base 9, what is 0 + -136?
-136
In base 9, what is -782 - 1?
-783
In base 4, what is 32123 + 113?
32302
In base 5, what is -13 - 333?
-401
In base 6, what is 2 - -52?
54
In base 3, what is -11 - -200?
112
In base 11, what is -57 - 3?
-5a
In base 4, what is 3 + 311?
320
In base 2, what is 1001101 - 11?
1001010
In base 12, what is 465b + -3?
4658
In base 11, what is 1 + 1386?
1387
In base 11, what is -31 + 526?
4a5
In base 13, what is 2004 + -1?
2003
In base 14, what is -24 + -4?
-28
In base 16, what is 1 - 653?
-652
In base 16, what is 8 - 3?
5
In base 9, what is 657 - -2?
660
In base 11, what is -3 - -19?
16
In base 3, what is -1 + 11102?
11101
In base 10, what is -188 - -3?
-185
In base 5, what is 1000 + 20?
1020
In base 8, what is -1 + 1104?
1103
In base 10, what is 3398 - 5?
3393
In base 11, what is -18 - -35a?
342
In base 15, what is 2 - -1?
3
In base 12, what is 3 + 4?
7
In base 14, what is -2bc - -2?
-2ba
